5
Suppose 15 = -5*a - 5*q, 9*a - 4*a - 15 = 5*q. Let h(j) = -5*j**2 + 7*j - 8. Let m(u) = -u**2 + u - 1. Let t(i) = h(i) - 6*m(i). Determine t(a).
-2
Let r(i) = -i**3 - 8*i**3 + 0 - 2 + 10*i**3 + 7*i**2. Determine r(-7).
-2
Let x(v) be the first derivative of v**3/3 - 3*v**2 - 2*v + 28. Determine x(6).
-2
Let k(n) = -n**2 + 3*n + 3. Suppose 2*l + 6*t - 3*t = 12, -6 = -l + 2*t. Suppose 0 = -0*q + 2*q - 6. Let d be 4/l - 8/q. Give k(d).
-7
Let t be ((-8)/6 + 1)*-9. Let x(r) = 2 + 1 - 7 + r**t - 3*r + 1. What is x(-2)?
-5
Let c(l) = -6*l - l**2 + 2 - 4 - 2. Give c(-5).
1
Let x be (-46)/10 - 21/(-35). Let u(j) = j**2 + 6*j + 4. What is u(x)?
-4
Let i(d) = d**2 + 6*d - 7. Suppose 5*y - 4 = 26. Suppose -11 + y = k. Give i(k).
-12
Let i be (1 - -2) + -2 - 3. Let l be 2 + 2/i + 5. Let n(q) = 2*q - 6 - q**2 - 2*q + 6*q. Determine n(l).
-6
Let z(s) = -2*s**2 + 4*s**2 - 2 - s - s**2 + 4*s. What is z(-3)?
-2
Let y(c) = c**3 + 6*c**2 - 7*c + 3. Let k = -82 - -75. What is y(k)?
3
Let r(v) = v**3 + 6*v**2 + v. Let g = 37 + -33. Let d = -5 + 35. Suppose 6 = g*h + d. What is r(h)?
-6
Let g(u) = u - 2. Let t be g(4). Let i = t + 3. Let m(h) = h**3 - 4*h**2 - 6*h - 6. Calculate m(i).
-11
Let m(q) = q + 3. Let g = -16 + 10. Let x = -3 - g. Calculate m(x).
6
Let g(u) = u**3 + 3*u**2 - 2*u + 4. Let v be g(-4). Let c(t) = -t**2 + 9*t. Let x(h) = -8*h - 1. Let k(i) = -2*c(i) - 3*x(i). What is k(v)?
11
Let m = -7 - -9. Let f(b) = -2 + 2*b + b - 2 + b**m - 3. Calculate f(-5).
3
Let f(u) be the third derivative of -u**5/60 - u**2. Suppose -21*r + 19*r - 28 = 0. Let d = r - -12. Give f(d).
-4
Let k(o) = 7*o**2 - 7*o + 2*o**3 + 2*o - 6 - 3*o**3. What is k(6)?
0
Let i(g) = -6*g - 1. Let d be i(-1). Let r(p) be the third derivative of -p**5/60 + 7*p**4/24 - 2*p**3/3 - 3*p**2. Give r(d).
6
Let v(m) be the second derivative of -m**6/360 + m**5/120 + m**4/12 + 2*m**3/3 + m. Let g(x) be the second derivative of v(x). Determine g(2).
0
Let d(j) = 2*j**3 + 7*j**2 + j + 3. Let g(b) = b**3 + b**2 - b + 1. Let h(q) = -d(q) + 3*g(q). Give h(5).
5
Suppose 0 = -3*n + 2*n + 5*l - 20, -l + 12 = -n. Let x = n - -17. Let p(r) = -r + 10. Determine p(x).
3
Let g(s) = 2*s - 2. Let d be (-14)/63 + (-176)/18. Let t = 14 + d. Give g(t).
6
Let q be (0 - 0)/(-1 + -1). Let m = 3 - q. Let o(c) = 3*c**3 - 6*c + 6 - 2*c**m - 3*c**2 + c. Give o(4).
2
Let r be (2*(-2)/(-4))/((-5)/(-25)). Let u(k) = k**2 - 7*k + 4. What is u(r)?
-6
Suppose -f + 1 = -2*f. Let l(c) be the first derivative of c**4/2 - 2*c**3/3 - c**2 - c + 21. Give l(f).
-3
Suppose -4*d = 2*c - 6, -3*d + 2*c = -2*c - 32. Let y = -5 - -7. Let g(u) = -4 + u + 1 - d*u**y + 3. What is g(-1)?
-5
Let w(o) be the first derivative of -o**2/2 + 7*o + 17. Calculate w(5).
2
Let t = -1 + 7/2. Let s(g) be the second derivative of t*g**2 - 1/20*g**5 + 1/4*g**4 + 0 + 2*g + 1/3*g**3. Calculate s(4).
-3
Let w = -3 + 2. Let c be 4 + -2 + 7*w. Let a(t) be the third derivative of -t**5/60 - t**4/4 - t**3 - 31*t**2. What is a(c)?
-1
Let l(n) be the first derivative of -n**5/20 - n**4/6 + 5*n**3/6 + n**2 + n + 2. Let b(i) be the first derivative of l(i). Calculate b(-3).
-4
Let s(l) be the first derivative of -l**3/3 + 2*l**2 - 6*l + 5. What is s(5)?
-11
Let d(j) = -2*j - 2. Let v(q) = -q - 1. Let w(m) = 6*d(m) - 13*v(m). Give w(-5).
-4
Let b(h) = h**3 - 5*h**2 - 5*h - 6. Suppose -2*r - 18 = -5*r. Let z be b(r). Let p(t) be the second derivative of t**4/12 + 2*t**2 + 2*t. Calculate p(z).
4
Let j(q) be the third derivative of 0*q + 0 - 1/6*q**3 + 2*q**2 + 1/12*q**4. Determine j(1).
1
Suppose 0 = -3*j + 5*j. Suppose 3*w - 12 = -l, -4*w = -j*w - 3*l - 16. Let a(n) = -4 + n**3 - 4 - w*n**2 + 3. What is a(4)?
-5
Let q(t) be the second derivative of t**4/12 - t**3/3 - t**2/2 - 4*t. Give q(-2).
7
Let z(p) = -p + 7*p + 15 - 9 - 7. Calculate z(1).
5
Let m(q) = -2*q - 8*q**3 + 3*q**2 + 7*q**3 + q**2. Calculate m(3).
3
Let f(a) = -a**2 - 15*a - 1. Let t be f(-13). Suppose 4*g - t = 3*d, 7*d + 3 = 2*d - 3*g. Let c(z) = 3*z - 4 + 4 + 2*z**2. Determine c(d).
9
Let d = -19 - -27. Suppose -m - 3*l = -d, -2*m - 3*l = -0*m - 4. Let i(b) = b**2 + 3*b + 6. Give i(m).
10
Let i(w) = -2*w - 6. Let c be -21*2/12*-2*-1. What is i(c)?
8
Let d(i) = i**2 + i - 4. Suppose p + 15 = -5*f, p + f = 4*f + 9. Determine d(p).
-4
Let h(f) be the third derivative of 0 - 2*f**2 - 1/24*f**4 - 1/20*f**5 + 0*f**3 + 0*f. Determine h(-1).
-2
Let u(a) = -a**2 + 5*a - 3. Let g be 2 - 0 - (0 + 1). Let k be g*6 - 2/2. Suppose 0 = -k*f + 3*f + 6. Give u(f).
3
Let y = 116 + -109. Let z(q) = -q**3 + 8*q**2 - 6*q - 6. What is z(y)?
1
Let t(k) = -k + 2. Let i be t(-3). Suppose -13 = -i*x + 7. Let j(s) = 0*s**2 + x - s**2 + s + 3*s. What is j(4)?
4
Let b = 20 + -20. Let k(d) be the third derivative of -2*d**2 - 1/6*d**3 + b*d + 1/24*d**4 + 0. Determine k(-5).
-6
Let w be (2/5)/(15/75). Let q(c) = 5*c**2 - 2*c - 1. What is q(w)?
15
Let i(m) = 4*m**3 - 3*m**2 - 6*m + 1. Let y(n) = -9*n**3 + 6*n**2 + 13*n - 1. Let z(c) = -7*i(c) - 3*y(c). Let s = 4 - 0. Determine z(s).
-8
Suppose 3*d = -f + 20, -5*d + 1 + 9 = -3*f. Let t(j) = -j**3 + 4*j**2 + 4*j + 7. Calculate t(d).
2
Suppose -31*u + 6 = -32*u. Let i(k) = -k**3 + 0*k**3 + k**2 + 4 - 7*k**2. Calculate i(u).
4
Let t(y) = 9*y + 5. Let g(s) = 19*s + 9. Let b(m) = 4*g(m) - 9*t(m). Give b(-6).
21
Let b(i) be the second derivative of -3/2*i**2 + 1/6*i**3 - 1/12*i**4 - 3*i + 0. Calculate b(3).
-9
Let d be ((-2)/1)/2 - 2. Let t(q) = -q. Let h = 18 + -20. Let c(i) = 3*i + 4. Let y(u) = h*t(u) - c(u). What is y(d)?
-1
Let y(i) = i**2 + 3*i + 4. Let j be y(-4). Let c = -11 + j. Let g(h) = -h**2 - 2*h - 2. What is g(c)?
-5
Let m(g) = 2*g - 5. Let n be m(4). Let h = 4 - n. Let v(a) = 6*a + 2 - 5 + 4. Determine v(h).
7
Let x(y) = -2*y**2 - y + 4. Let m be x(2). Let n(s) = s**2 + 8*s + 8. Determine n(m).
-4
Let q = -39 + 43. Let m(i) = -i**2 + 6*i - 1. Give m(q).
7
Suppose 13 + 2 = 5*r + 2*l, 0 = -r - l. Suppose -r*t = 7 + 3. Let s(w) = -w**3 - 2*w**2 + w + 2. Determine s(t).
0
Let b(r) be the third derivative of r**6/120 + r**5/10 + r**4/6 - 2*r**3/3 + 3*r**2. Calculate b(-4).
12
Suppose -3*q = -q - 4. Let m(l) = 4*l**3 + 2 + 8*l - 3*l - 3*l**3 + 5*l**q. Determine m(-3).
5
Suppose 5 = -a - 1. Let m = a + 2. Let l(q) = q. What is l(m)?
-4
Let v(z) = 3*z - 3. Let i = 6 + -5. Suppose 4*r - d = 10, -i = -2*r + r + d. Calculate v(r).
6
Let i(g) = -g - 2. Let w(u) = -2*u - 3. Let d(q) = 11*i(q) - 6*w(q). Let o be d(3). Let s(c) = c + 1. Give s(o).
0
Let y be 6/(-1 - 3/3). Suppose -3*n + 2*n - 5*b = 16, 4*b + 15 = -n. Let m(w) = -7*w - 3. Let h(r) = -13*r - 6. Let g(f) = n*m(f) + 6*h(f). Determine g(y).
0
Let t be 2 + -2 + 2 + 4. Let x(i) = -2*i**2 + 68 + i**2 - 37 - 28 + 5*i. Calculate x(t).
-3
Suppose -5*b + 22 = -13. Let v = -5 + b. Let d be 2/(-3)*6/v. Let y(z) = z**3 - z**2 - z + 2. Determine y(d).
-8
Let c(w) = 3*w**2 + 0*w + 5*w - 4*w**2. Determine c(4).
4
Let i(n) = n**2 + 3*n + 1. Let h(g) = 5*g**2 + 16*g + 6. Let x(p) = -2*h(p) + 11*i(p). What is x(-2)?
1
Let i(l) = 2*l. Suppose -5*u = a + 26, 2*u + 7*a + 15 = 2*a. Give i(u).
-10
Let n(x) be the first derivative of -x**5/60 + x**4/6 - x**3/3 + 3*x**2 - 4. Let q(y) be the second derivative of n(y). Calculate q(5).
-7
Let v(p) be the first derivative of p**3/3 + 2*p**2 + 3*p + 2. Let o = 4 + -11. Let s(r) = r + 2. Let c be s(o). Determine v(c).
8
Let u be 14/8 + (-5)/(-20). Let n(m) = m**3 - 2*m**2 + 3*m. Determine n(u).
6
Let y = 15 + -9. Let b(d) = -3*d + 4*d + 5*d**2 + 6 - 4*d**2 + y*d. Determine b(-4).
-6
Let z(x) = 1 + 2 - x + 3. Let q be z(3). Suppose -4*b - q = 1. Let i(n) = -6*n - 1. What is i(b)?
5
Let s = -13 + 5. Let q be ((-6)/(-4))/(6/s). Let o(h) = h**3 + 3*h**2 + 4*h + 3. Calculate o(q).
-1
Let o(x) = -x**2 + 7*x - 3. Let m = 6 - -1. Let v = 12 - m. Suppose 4*n = -v*t + 17, -3*n = 3*t - 6 - 3. What is o(t)?
7
Let m(r) = 6*r - 4*r + 11 - 11. Calculate m(4).
8
Let g(f) = f**3 - 6*f + 7 - 3*f**3 + 0*f**3 + 7*f**2 + f**3. Calculate g(6).
7
Let x(t) = 2*t**3 - 7*t**2 + 5*t + 29. Let n(a) = 3*a**3 - 11*a**2 + 8*a + 44. Suppose 0 = -16*d + 11*d - 25. Let b(f) = d*n(f) + 8*x(f). Give b(0).
12
Let p(x) be the second derivative of -x**5/20 + 13*x**4/12 + 5*x**3/2 - 21*x**2/2 - 31*x. Give p(14).
-7
Let y(k) be the third d